?
41
Let o = 2676 - 1433. List the prime factors of o.
11, 113
Suppose 0 = 2*p + 3*g + 20, p + 18 = -g + 8. Let x = 24 - p. List the prime factors of x.
2, 17
Suppose -6*o + 7*o - 17 = 0. Suppose o*j - 20*j + 222 = 0. What are the prime factors of j?
2, 37
Let t = 10 + -5. Suppose 0 = -0*g - t*g + 320. What are the prime factors of g?
2
Let y(a) = a - 1. Let s(v) = -11*v + 4. Let n(l) = s(l) + 2*y(l). Suppose h = 4*c + 5 + 4, -2*c + 5*h - 9 = 0. What are the prime factors of n(c)?
2, 5
Suppose 6481 = 4*n + 1781. List the prime factors of n.
5, 47
Suppose 2*i + 0*i = -5*w + 1550, w + i = 310. What are the prime factors of w?
2, 5, 31
Suppose 353 = 2*p - 1343. What are the prime factors of p?
2, 53
Let p(c) be the third derivative of 0 - 1/24*c**4 - c**3 - 2*c**2 + 0*c. List the prime factors of p(-9).
3
Let m(w) = w**2 - 9*w - 5. Let y be m(10). Suppose 5*u - 4*g = u + 368, y*g = 5. List the prime factors of u.
3, 31
Let d = 1 - 7. Let h be (-2)/((-2 - -4)/d). Suppose -h = q - 43. What are the prime factors of q?
37
Suppose -2*h - 4*z + 24 = 6, 3*h - 3*z + 18 = 0. List the prime factors of 288 + h/(5/(-25)).
293
Let w = -1128 + 1849. List the prime factors of w.
7, 103
Suppose y + 4*y = -20. Let a be (y/8)/((-2)/(-16)). List the prime factors of (-186)/(-14) + a/14.
13
Let c = 1790 - 481. List the prime factors of c.
7, 11, 17
Let a(u) be the third derivative of 3*u**4/4 - 9*u**3/2 + 26*u**2. List the prime factors of a(11).
3, 19
Let o = 44 - -61. Let w be o + -2 + (-1)/1. Suppose 4*h - 3*d + d = w, -5*d = 5. List the prime factors of h.
5
Let p be 1 - -2 - (12 + -9). Suppose p = -0*z - 5*z + 55. List the prime factors of z.
11
Suppose -4*z - 14711 = -4*d - 867, d + 3*z = 3453. List the prime factors of d.
3, 1153
Let z be ((-6)/(-4))/(6/(-36)). Let f(g) = g**2 + 4*g + 1. List the prime factors of f(z).
2, 23
Suppose 3*a - 6 = -2*b + 1, 2*b - 2*a = 32. Suppose 2*u + 23 + b = 0. Let m = u + 30. List the prime factors of m.
13
Let u(f) = f**3 + 9*f**2 + 8. Let k be u(-9). Suppose 11*o = k*o - 45. List the prime factors of ((-18)/o)/((-8)/(-20)).
3
Suppose 5*w - 4782 = d, 3*w = 5*d - 216 + 3094. List the prime factors of w.
2, 239
Let b(w) = 2*w - 10. Let o be b(7). Let t be (-2)/(-8) - 17/o. What are the prime factors of 3 + t + 0 - -38?
37
Suppose -22 = -3*t + s, 0*t + 4*s - 16 = -t. Suppose -556 = -2*h + 2*o, 2*h - 3*o + t*o - 528 = 0. List the prime factors of h.
2, 137
Suppose 0*f - 188 = 4*f. Let a(u) = 6*u - 16. Let b be a(-9). Let q = f - b. List the prime factors of q.
23
Let i = 3420 + -2783. What are the prime factors of i?
7, 13
Suppose -5*g + w = -266, g - 22 = -3*w + 44. Suppose 5*m + g = 2*i, 5*i + 3*m - 46 - 27 = 0. What are the prime factors of i?
17
Suppose 2*o = 2*y + 11594, 22*y = 2*o + 18*y - 11602. List the prime factors of o.
3, 1931
Suppose -6 = 2*a - 12. Suppose -4*p - z = -417, -p - 5*z = a*p - 421. What are the prime factors of p?
2, 13
Let v be -3 - (-2 - -3)*-9. Let h be (-20)/v*120/(-50). Suppose 0 = 2*q - h - 0. List the prime factors of q.
2
Let r(n) = n**3 - 9*n**2 + n - 11. Let f be r(9). Let o = f + 6. List the prime factors of o/(-18) + (-141)/(-27).
5
Let c(z) = -14*z - z**3 - 15*z**2 + 2 - 5*z + z. List the prime factors of c(-14).
2, 29
Let a(v) = -v**3 + 11*v**2 + 12*v - 9. Let q be a(11). Suppose 0 = 4*c - 20, -2*c = -2*l + c - q. Let r = l - -108. List the prime factors of r.
2, 3
Let q = 5 - 0. Suppose -4*j + 0*j + 12 = q*o, -4*j = -o + 12. List the prime factors of o.
2
Let b(n) = n**3 - 15*n**2 + 96*n - 50. List the prime factors of b(19).
2, 1609
Let r = -7 - 0. Suppose -2*q - 2*m = -200, -12 = 6*m - 3*m. What are the prime factors of q/6 - r/(-21)?
17
Suppose -4*l - 2 - 10 = -2*q, 0 = -5*l + 3*q - 16. List the prime factors of (-2 + l)*(-285)/20.
3, 19
Suppose -5*k - 297 = -r + 40, 0 = -3*r + 2*k + 1076. What are the prime factors of r?
2, 181
Suppose 3*k + 11*r = 10*r + 10322, 4*k = -2*r + 13762. What are the prime factors of k?
3, 31, 37
Let u be (-32)/(2 + -3) - -4. Let m = u - -34. Let c = -15 + m. What are the prime factors of c?
5, 11
Suppose 0 = 4*j - 3*j + 8. Let x(m) = -15*m + 19. List the prime factors of x(j).
139
Let o = -145 + -29. Let w = 296 + o. List the prime factors of w.
2, 61
Let g(o) = -8*o + 495*o**2 - o - 501*o**2 - o**3 + 6. List the prime factors of g(-7).
2, 59
Let h be (0 - -2)/(-1*(-6 + 4)). List the prime factors of (-2 + 92 + 3)*h - 0.
3, 31
Let g(s) = 57*s - 16. Let f be ((-18)/(-27))/((-1)/6)*-1. List the prime factors of g(f).
2, 53
Suppose -2*l + 2*d = -l - 445, 2*l - 899 = d. List the prime factors of l.
11, 41
Let q = 366 + -306. List the prime factors of q.
2, 3, 5
Let f = -580 + 834. Suppose 884 - f = 5*z. What are the prime factors of z?
2, 3, 7
Let w be 1 + -1 - (17 + -20). Suppose -j - 4*j + 999 = w*k, 996 = 5*j + 2*k. List the prime factors of j.
2, 3, 11
Let m(u) = 3*u**3 - 4*u**3 - 5*u**2 + 15*u - 4*u**2 + 37 - 10. What are the prime factors of m(-11)?
2, 13
Suppose 2*o = -5*y + 16778 - 4893, o = 3*y - 7131. What are the prime factors of y?
2377
List the prime factors of 511 + -4 - -5 - 2.
2, 3, 5, 17
Let b(j) = j**3 + 14*j**2 + 14*j + 29. Let r be b(-12). Let p = 3 + 3. What are the prime factors of (-1)/(-6) + r/p?
5
Suppose -6*n - d = -n - 29, -3*d + 2 = -2*n. Suppose 2*t = 3*t - 3*w + 7, -5*t + n*w + 5 = 0. Suppose -9*x = -t*x - 164. What are the prime factors of x?
41
Let f = -14 - -16. Suppose f + 0 = s. List the prime factors of 816/40*5/s.
3, 17
Let d = 162 - -6. Let b = d - 63. List the prime factors of b.
3, 5, 7
Let t(u) = -78*u**3 + 3*u + 3. Suppose m - 2*j = 2*j - 13, 3*j = -3*m + 6. List the prime factors of t(m).
2, 3, 13
Let v(x) = 4682*x**2 + 11*x - 9. What are the prime factors of v(1)?
2, 1171
Let y(j) = -8*j + 7. Suppose -5 + 3 = -r. Let t be r/(4 + -2) + -5. What are the prime factors of y(t)?
3, 13
Let z = 67 - 30. Let b be z/4 + 7/(-28). Suppose -r = -b - 13. List the prime factors of r.
2, 11
Let t(n) = -n**3 - 4*n**2 - 2*n - 3. Let d be t(-5). Suppose 0 = 4*k - 2*k + d. Let y = k + 55. What are the prime factors of y?
3, 13
Suppose -2 = c, -g + 73 = -c - 45. Let b = g - 30. What are the prime factors of b?
2, 43
Let v = -127 - -246. List the prime factors of v.
7, 17
Suppose -7*i - 11935 = -0*i. What are the prime factors of (i/(-22))/(1/2)?
5, 31
Let d(q) = q**3 + 3*q**2 - 4*q + 2. Let f be d(-4). Suppose 2*j = -2*a + 214, 92 = -j + f*j - 4*a. Suppose 3*v + j = 5*v. What are the prime factors of v?
2, 13
Suppose 0 = -3*w - 218 + 545. Let h be 0 - (1 - (w + -2)). Suppose 3*f + 0*f - h = 5*m, f - 2*m = 37. List the prime factors of f.
3
Let l(s) = -1 - 3*s - 39*s + 4*s. Let k = 62 + -63. List the prime factors of l(k).
37
Let h = 4 + -12. Let p be h/(-12) + (-133)/(-3). Suppose 3 = -3*g + p. List the prime factors of g.
2, 7
Suppose -2*m = -4*x + 26, 5*m - 3*x + 18 = 4*m. Let u be -12*((-3)/(-2))/(-3). What are the prime factors of -76*1*m/u?
2, 19
Suppose -139*x = -157*x + 31140. List the prime factors of x.
2, 5, 173
Suppose 0 = -0*u - u + 51. Let i = u - 33. What are the prime factors of i?
2, 3
Let o = -4772 - -8280. What are the prime factors of o?
2, 877
Let q(f) = -3*f - 21. Let n be q(-6). What are the prime factors of (n + (0 - -2))*-53?
53
Suppose 0 = 4*f - 934 + 54. Suppose 6*l + f = 1426. What are the prime factors of l?
3, 67
Let i(y) = y**3 + 8*y**2 + 10*y + 10. Let q be i(-7). Let p = -6 - q. Let t(w) = 2*w**2 - 4*w - 1. List the prime factors of t(p).
29
Suppose 2*h - 201 = 2*r - 839, -5*r + 3*h = -1593. List the prime factors of r.
2, 3, 53
Suppose -21*c + 5*h = -22*c + 345, 1424 = 4*c - 2*h. What are the prime factors of c?
5, 71
Suppose p = 5*p + t - 9710, p - 2422 = -3*t. What are the prime factors of p?
2, 607
Suppose -5*i + 19 = -1. Suppose i*k - 117 = -4*f + 3*f, k + 5*f = 53. Suppose 0*j - 5*u + k = j, -3*u = -6. List the prime factors of j.
2, 3
Suppose -53*r = -50*r - 33. Suppose 9*w - r*w = -384. List the prime factors of w.
2, 3
Let c be (147/4)/((-6)/(-32)). Suppose -5*w + 414 = -c. What are the prime factors of w?
2, 61
Let y = 3 - -2. Suppose y*k - k = 2*u + 214, 5*k - 287 = -4*u. List the prime factors of k.
5, 11
Suppose 0 = -4*k - 5*i - 2, 0*i = -5*k + 2*i - 19. What are the prime factors of ((-